v - 7. Let i be a(-8). Suppose i*g - 45 = -0*g. What is the units digit of g?
9
Suppose 0 = -2*q + 183 + 241. Suppose -3*i + 8 + 7 = 0, -q = 4*s - 4*i. Let z = -30 - s. What is the units digit of z?
8
What is the units digit of 5883/39 - 2/(-13)?
1
Suppose -5*s - a + 140 = 0, -6*s + 2*s + 2*a = -98. What is the tens digit of s?
2
Let v = -57 + 81. Suppose -5*l = -6*l + g, -4*g + v = 4*l. Suppose k - 9 = -l. What is the units digit of k?
6
Let u be 1*(1 + (-2 - -4)). Suppose -u*s + 17 = -16. What is the units digit of s?
1
Let g = -112 - -292. What is the units digit of g?
0
Let l(n) = 2*n**3 - n**2 - n. What is the units digit of l(2)?
0
Suppose -3*t + 0*t = 0. Suppose 6*r - 5*r - 20 = t. What is the tens digit of r?
2
Suppose 5*a - 10 - 5 = 0. Suppose a*y + 3*w + 9 = -0*y, -15 = y - 3*w. What is the units digit of (-1 - 0)*-1 - y?
7
Let t = -6 + 7. What is the tens digit of (-24)/(-10)*5/t?
1
Let m(g) = -2*g. Let d be m(-2). Suppose -8 = -0*q + d*q. What is the units digit of 11 + (-3)/((-3)/q)?
9
Suppose 46 = 2*h + 4*a, 0 = h + 5*a - 8*a - 33. Suppose h = -4*o + 7. What is the units digit of (o*3/3)/(-1)?
5
Let h(k) = 12*k**2 - k + 4. What is the tens digit of h(2)?
5
What is the tens digit of 0 - 2 - (-25 + -2)?
2
Let w(x) = 4*x**2 - x - 36. What is the units digit of w(6)?
2
Let g(k) = k**2 - k + 3. Let c be g(0). Suppose 5*j - 22 = c*j. What is the tens digit of j?
1
Let p be (7/(-28))/((-2)/40). Suppose -5*f - 145 = -p*w, 0 = 2*w + 3*f - 0*f - 63. What is the tens digit of w?
3
Suppose 4*b - 7 + 43 = 0. Let w = b - -18. What is the units digit of w?
9
Let h be -2*(1 + -3)*1. What is the units digit of h/(-1 - 38/(-34))?
4
Let w(d) be the second derivative of -d**7/2520 + d**6/720 + d**5/10 + d**4/4 - 2*d. Let u(z) be the third derivative of w(z). What is the tens digit of u(0)?
1
Let x(v) = 2*v**2 - 7*v - 2. What is the units digit of x(6)?
8
What is the tens digit of 259 - ((-30)/5)/(-6)?
5
Suppose -1 = q - 6. Suppose -q*p - 4*m = -7 - 2, -4*m = -2*p - 2. What is the units digit of p?
1
Let p(n) = n - 5. Let k be p(5). Suppose k = -3*o - 0*o + 9. What is the units digit of o?
3
Let n(t) = 11*t**3 - 29*t**2 - 10*t - 1. Let m(g) = 7*g**3 - 19*g**2 - 7*g - 1. Let v(z) = 8*m(z) - 5*n(z). What is the tens digit of v(8)?
1
Suppose 4*k + 74 = 5*m + 275, 248 = 5*k - 3*m. Let r be 14/k + 46/(-14). Let j(a) = -a**3 - a**2 - 3. What is the units digit of j(r)?
5
Let l be -2 - -1 - (-6 - -3). Let v = l + 7. What is the units digit of v?
9
Let m = -22 + 34. What is the units digit of m?
2
Suppose -2*q + s = -99, 5*s + 148 = 3*q + 3*s. What is the tens digit of q?
5
Let d = -56 - -57. What is the units digit of d?
1
Let o = 44 - -6. What is the tens digit of o?
5
Let s = -1 + -8. Let x = s + 9. Suppose 4*r - 5*r + 1 = x. What is the units digit of r?
1
Let c(l) = 11*l**2 + 14*l - 6. What is the units digit of c(4)?
6
Let j(p) = p**3 - 7*p**2 + 2*p + 1. Let m be j(7). Let q be (-260)/m*3/2. Let d = -12 - q. What is the units digit of d?
4
Let s(m) = -8*m + 8. Let w be s(-7). Suppose -w = 14*j - 18*j. What is the tens digit of j?
1
Let v be -12 - 4*3/(-6). Let n = v - 2. Let q = -1 - n. What is the tens digit of q?
1
Suppose -4*s = -2*n - 144, -144 = -4*s - 2*n - 0*n. What is the tens digit of s?
3
Let l(x) = x**3 + 10*x**2 + 4*x - 12. Let j be l(-10). Let d = 83 + j. What is the units digit of d?
1
Let m(s) = s**2 - 2*s - 1. Let a be m(3). Suppose -2*r - a*r + 44 = 0. What is the units digit of r?
1
Let g = 0 - -6. Suppose 5*f - 2*y = -g*y + 116, -4*f + 93 = 3*y. What is the tens digit of f?
2
Let i = 15 - 3. What is the units digit of i?
2
Let y be (22/(-55))/((-1)/5). Suppose -5*h + 144 = y*c, 2*h = -0*c - 2*c + 60. What is the tens digit of h?
2
Let j(x) = 4*x**2 - x + 1. Let a = 4 - 4. Suppose a = 5*s - 5. What is the units digit of j(s)?
4
Let w be ((-12)/14)/(5*1/35). Let q(s) = -3*s**2 - 1. Let z be q(1). Let c = z - w. What is the units digit of c?
2
Let r(z) = -6*z + 12. Let c be r(9). Let d = c - -61. What is the tens digit of d?
1
Let f = -69 + 129. What is the tens digit of (f/8)/((-6)/(-8))?
1
Suppose 2*m + 3*m = 30. Suppose -2*a - 36 = -m*a. What is the units digit of a?
9
Suppose 0 = -61*v + 60*v + 120. What is the units digit of v?
0
Let w be 6/9 - 25/(-3). Let u(j) = -j**2 + 10*j + 1. What is the units digit of u(w)?
0
Suppose 2*f - 41 - 25 = 0. What is the tens digit of f?
3
Suppose -2*g + 4 = -g. Let x(c) = g*c - 1 + 3 - 4. What is the units digit of x(2)?
6
Let l = 130 + -11. What is the hundreds digit of l?
1
Suppose 2*z = 27 - 9. What is the units digit of z?
9
Let m(j) = 85*j + 34. What is the units digit of m(3)?
9
Let g = 16 - 21. What is the units digit of (40/25)/((-2)/g)?
4
Suppose 25 = x + 4*x. Suppose x*m - 40 = -5. What is the units digit of m?
7
Let y = 15 + -9. Let u = y + 6. What is the units digit of u?
2
Let n(w) = -w**2 + 7*w - 3. Let i be n(8). Let d = 11 - i. What is the tens digit of d?
2
Let o = 0 - -3. Suppose o*g - w = 5*g - 7, 3*w - 3 = -3*g. Let j = g - -8. What is the units digit of j?
4
Let b be 9/(2/(-8)*1). Let w be (-2)/9 - (-64)/b. Let d(q) = -2*q**3 - 3*q**2 - q. What is the units digit of d(w)?
6
Let o(t) = 3*t**2 - 2*t + 2. Suppose -3*s = -2*s - 2. Let n be o(s). Suppose -b = 3*k - n, 4*k + 5*b + 4 = -1. What is the units digit of k?
5
Let n(d) = d**2 - d + 41. What is the tens digit of n(0)?
4
Suppose 0 = -4*h - 0*h - 5*m - 12, 0 = -4*m + 16. What is the units digit of (-50)/(-3) - h/(-12)?
6
Suppose 40*c = 39*c + 3. What is the units digit of c?
3
What is the units digit of 2*(4 + -4 + 1)?
2
Let k(i) = i**2 - 2. Let c be k(3). Suppose -100 = 3*x - c*x. What is the tens digit of x?
2
Let k be ((-30)/4)/3*-2. Suppose -k*m + 7 = -3. Suppose m*l = -3*l + 40. What is the units digit of l?
8
What is the tens digit of 3 - (-4 - (-18)/(-6))?
1
Suppose 0 = -3*t - 0*t + 63. Suppose -c + 18 - 4 = i, 2*i - 5*c - t = 0. What is the tens digit of i?
1
Let m be (-3)/((-4)/((-48)/(-9))). Suppose -3*t = 4*w - 17, -2*t + m = -4*w + 2*t. Suppose 13 + 15 = w*f. What is the units digit of f?
4
Let j(x) = 3*x + 16. What is the tens digit of j(8)?
4
Let s be (-2 - 1) + 0 + 5. What is the units digit of (2/1)/s - 0?
1
Suppose 5*m - 969 = 1166. What is the tens digit of m?
2
Suppose -4*x - 2 = 6. Let y = x + 7. What is the units digit of y?
5
Suppose -4*t = t + 3330. What is the tens digit of t/(-24) + (-2)/(-8)?
2
What is the units digit of 50/(-5*2/(-5))?
5
Let n = 9 - 6. What is the units digit of (8/12)/(n/18)?
4
Let f(q) = q**2 + 5*q + 8. Let t be f(-6). Let u = t - 5. What is the units digit of u?
9
Suppose 0 = z + 6 - 11. Let t = z - -14. What is the tens digit of t?
1
Let s be -8 - -2 - -2*1. Let a = 3 + s. What is the units digit of (a/(1/9))/(-1)?
9
Let x(u) = -u**3 - 6*u - 9*u**2 + 0*u + 2*u - 13 + 2*u. What is the units digit of x(-9)?
5
Let h = -4 + 13. Let g = h - -3. Let v(k) = -k**2 + 14*k - 11. What is the units digit of v(g)?
3
Suppose 0*g = -3*g - 21. Let i = g - -11. Suppose -2*j + 21 = 3*w, 0*w - i*w + 28 = -3*j. What is the units digit of w?
7
Let c = 55 - 23. What is the tens digit of c?
3
Suppose 2*v + 15 = j, 0*j - 3*j + v + 70 = 0. What is the tens digit of j?
2
Let i(b) = -12*b**3 - b. What is the tens digit of i(-2)?
9
Let f be (-2)/6 + 7/3. Let y(c) = 8*c**2 - c + 1. Let z be y(1). Suppose -f*o - 2 + z = 0. What is the units digit of o?
3
Let k(o) = -7 - o**2 + 39 + 0*o**2 + o. Let z be k(0). Suppose 3*d + d = z. What is the units digit of d?
8
Let t = 76 + -39. Let l = 58 - t. What is the units digit of l?
1
Let c = -4 - -9. Let s = c - 14. What is the tens digit of 3 - (-4)/((-4)/s)?
1
Suppose 216 = -0*n + 4*n. Suppose n = -0*z + 3*z. What is the tens digit of z?
1
Let f(a) be the second derivative of -2*a**5/5 + a**4/12 - a. Let d = 10 + -11. What is the units digit of f(d)?
9
Let k = -26 + 29. Suppose u = -4*u. What is the units digit of k + (-30)/(-2) + u?
8
Let t(c) = -c + 5. Suppose -4*x + 1 = 9, 5*w + 2*x = 41. Let q be t(w). What is the units digit of (-34)/q + (-3)/(-6)?
9
Let m be 8/52 - (-509)/(-13). Let k = 1 - m. What is the units digit of k?
0
Suppose 4*h - 2*z = -3*z + 37, 2*z - 14 = -2*h. Let l = -5 + h. Let i(n) = -n + 6. What is the units digit of i(l)?
1
Suppose -2*s 